 (-2 - 37)?
-38
Evaluate 23 + -7 - (-3 + 31) - (1 + -83).
70
Evaluate 20 - ((-39 - (-30 - 8)) + 0 + 1).
20
1 + (5 - 17) + 2 - (-25 - -7)
9
Calculate 84 + 33 + (-22 - 13).
82
Calculate (2 + -5 - -62) + (1564 - 1585).
38
((2 - (-3 - -11)) + -43 + 48 - 10) + 83
72
What is the value of 1 - 2 - ((34 + -15 - 76) + 8)?
48
Evaluate -68 - -21 - (13 + -10 + -3 - -4).
-51
344 + -336 + -4 + -45
-41
What is (11 - 10 - ((7 - 7) + -6)) + -36?
-29
What is 98 + -145 + 74 + 30?
57
Evaluate (1 - 3 - (-2 + -76)) + 439 + (-367 - 70).
78
What is 38 - (59 - 111) - (23 - 1)?
68
What is the value of -2 + -10 - (38 + -47 + -6 + -5)?
8
108 + -8 + 107 + -156
51
Evaluate -7 + (62 + 5 - 4) - (-196 + 189).
63
What is the value of -55 - (5 + (15 - 7) + -4 - 11)?
-53
Evaluate 3 + (8 - (8 - -73)) + 113 + -95.
-52
-79 + 76 - (-26 + 18)
5
What is -4 + (-14 - -10) + 26 - -7?
25
What is the value of -5 - (-59 - (9 - (-6 + 11)) - 8)?
66
Calculate -5 - (2 + -8 + -6 - (170 + (-36 - -15))).
156
(-29 - (-32 + 8) - 5) + 12
2
Calculate 31 + 9 + -1 + 55 + -36.
58
What is -15 - -1 - (0 + -5 + -1 - (-277 - -265))?
-20
What is 38 + -205 + 201 - (0 - 0)?
34
Calculate -1 - 5 - (-97 + 9 + 9 + 23).
50
What is 0 + 4 + (-52 - -8 - 20 - (-30 - -1))?
-31
Calculate 15 + (7 - 21) - (-2 - -4) - 71.
-72
What is 141 + 17 - (18 + 39)?
101
What is the value of -59 + ((-20 - -14) + 20 - -8)?
-37
What is -52 + (49 - (42 - 93))?
48
Calculate 26 - (-1 + -4 + (10 + -11 - -8)).
24
What is (-10 - 1) + (-24 - -19) - (246 - 294)?
32
What is the value of 69 - (3 - 17 - (0 + -6) - (124 - 130))?
71
Calculate -10 - (-46 + -25 + 84).
-23
40 + (-2 - -1) + -227 + 223 - 10
25
Calculate (1 + -64 - (70 + -40)) + (-4 - 0 - 2).
-99
What is the value of (2 - -1 - (-10 - -8)) + 3 - (1322 - 1247)?
-67
What is 5688 + -5598 + (0 - -1)?
91
(-26 - (14 + -19)) + -12 - -18 - -144
129
Calculate 6 - (-9 + 10) - (-8 + 4) - (-31 - 12).
52
Calculate -320 + 332 + (1 - 0) + -21 + 18 - 89.
-79
What is the value of 2 + -15 + 1 + 11 - (9 - 27)?
17
35 + (56 - 91) + 38
38
What is 952 - 1008 - (11 + -130)?
63
-7 + 1 + -2 + (34 - (44 + -17))
-1
What is the value of (1 - -43) + (-2561 - -2552)?
35
27 + -35 + (-4 - -9) + (-2 - 64) + 4
-65
12 - (-32 - -62) - -17
-1
What is the value of 3 + -55 + 1056 + -1001?
3
Calculate -104 - -60 - -41 - (3 + (-1 - 0)).
-5
Calculate -51 + (17 - 1 - -6) + (-8 - 3).
-40
What is the value of (1 - 13 - 2 - -8 - 1) + 45 - -11?
49
(20285 - 20286) + 1 + (2 + -2 - -1) + -56
-55
Evaluate 120 + (-82 - (107 - 83)).
14
-2 - ((123 - 112) + 2 + -10 - -37)
-42
Calculate -410 - -408 - (-34 + 20).
12
1 - 1 - 1 - -6 - (321 - 333)
17
-69 + (69 - 70 - -119)
49
What is ((-2 - -4) + -8 - 2) + (4 - 8 - -47)?
35
0 - (-10 + (8 - ((0 - -2) + -39 + 34)))
-1
What is the value of -3 - (-5 - 6) - (603 - 560)?
-35
Calculate 41 - (21 + 6 + -16 + (-10 - 0)).
40
Evaluate (2 - -9) + (21 - (18 - (-12 - -7))).
9
What is the value of 46 - (-7 + (-13 - (-9 + (4 - -2)) - -8))?
55
What is 56 + -1 + -2 + 4 + (-47 - -67 - 21)?
56
7 + -3 + (0 + 64 - (532 + -538))
74
-8 - (-2 + (-57 - (4 + 0)) + 24 + -25)
56
What is the value of -2 + -6 + -5 + 27 + -55?
-41
Calculate (-43 - 0) + 104 + -142.
-81
Evaluate 17 - 0 - (-129 + (-81 - -285)).
-58
-14 + 5 + 32 - 18 - (-2 - -52)
-45
What is the value of 13 + 15 + -63 + -1?
-36
7 + 19 + -33 - 8 - -48 - (-10 + 0)
43
What is the value of 1 + 4 - ((0 - 5 - (376 + -389)) + -53)?
50
What is the value of 6 + (26 + -38 + 13 - (2 + 0))?
5
What is 47 - (-49 - -51 - -36)?
9
(-377 - -161) + 233 + (-68 - -1)
-50
41 + 9 + -7 + -19 - 18
6
Evaluate (-39 - 18) + -13 + 1 + -11.
-80
24 + 46 + -85 + -1
-16
Calculate 2 - -27 - (420 + -442) - 22.
29
What is the value of (19 - -54) + -80 + -55?
-62
Calculate -25 + (26 - (4 - (-27 + 15))).
-15
What is 80 + 0 - (4580 + -4626) - ((2 - 8) + 0)?
132
Calculate -50 - (-23 - (-13 + 24 - (0 + 38) - -14)).
-40
(29 + -93 + 37 - -10) + (-117 - 0)
-134
What is the value of (45 - -10 - 21) + 4 + 34?
72
Evaluate (-1 - -6 - (10 - 3) - -49) + (-3 - -10).
54
Calculate 12 + 6 + -7 - -4 - (14 - 5 - 6).
12
What is -36 + -1 - (3157 + -3272)?
78
What is the value of -17 - ((91 - 49 - 0) + -3 + -1)?
-55
(-4 - -12) + (-16 - -15 - 7) + (0 - -2)
2
-15 - (-51 - (-4 - -2 - (167 - 174)))
41
Calculate (30 - -4) + 12 + (0 - 2 - 2 - -15).
57
What is (-1 - 111) + 0 - (269 + (-134 - 117))?
-130
What is -9 + (-79 - (-11 + -12 + 16))?
-81
Calculate (3 - 40) + 74 + -31.
6
40 + (137 + -105 - 133)
-61
What is -42 + 2 - ((5 - -8) + 17 + -32 - 7)?
-31
Calculate 48 + -14 + -13 + -24 - (-83 + 2 + -3).
81
What is the value of -81 + 46 - -72 - 11?
26
-73 + 0 - ((0 - 13) + 33 + -24)
-69
Calculate (-23 - (-101 + 54)) + -129.
-105
Calculate (14 - 35) + 16 + (-4 - -15) + 27.
33
36 + 9 + -39 - 48
-42
Evaluate -23 - (87 + -195) - 44.
41
Evaluate (22 + -34 - 10 - -22) + (2 - 1) + 13.
14
Calculate (-75 - -19) + 51 + 50.
45
Evaluate -5 - (1 + (-4 + 5 + -2 - (25 - -27))).
47
Evaluate (-377 - -403) + -2 + 53 - (20 + -2).
59
-228 + -77 + 269 - (-45 - 0)
9
6 + (1 - -9 - (24 - (13 - 2)))
3
Calculate (36 - -81) + 190 + -168.
139
What is the value of -4 + -52 + 91 + -30?
5
Calculate -23 + (3 + -5 + -22 - 6).
-53
What is the value of -21 + (54 - 60) + (1 + -18 - 4)?
-48
Calculate 0 + 20 + (-54 - -13) + 28 + 47.
54
Calculate 18 + (-41 - (-28 - -1)) - 70.
-66
Evaluate 1 - -13 - (3592 - 3615).
37
Evaluate 62 + -188 - (-111 + -24).
9
18 - (123 + 114 - 119)
-100
What is 0 + -10 + (-34 - -50) + -13?
-7
Calculate (80 - (17 - -41)) + -29.
-7
What is 5 + 13 - (11 - (-10 - ((0 - -5) + -33)))?
25
What is 0 + 7 - (18 - 0 - (348 - 335))?
2
What is the value of 4 - (-13 + 3 - -41 - (2 - 2)) - 8?
-35
Calculate 2 + 36 - ((6 - 2) + 11) - (8 + -13).
28
Calculate 1 + 2 - ((-24 - (12 - 39)) + 3 + 9).
-12
What is 2 + -97 - -8 - (8 - (12 - (-6 - 2)))?
-75
What is the value of 0 + 25 + -34 + -14 - -3?
-20
What is -3 + -11 - ((-47 - 67) + 2)?
98
What is the value of 21 - ((3 - -2) + (37 - (-28 + 60)))?
11
13 + (-6 - (15 - -4) - (-11 - -24))
-25
(-2 - 12 - (-29 - -22)) + 11 + 16
20
Evaluate 62 + -22 + -16 + (-16 - -39).
47
What is the value of 4 + -1 + 71 + (-90 - -41)?
25
What is (20 - 79) + 29 + (-6 - -6)?
-30
Calculate (3 + -1 - (0 - -4) - (10 - 13)) + 43.
44
-51 + (-4 - (-12 + 8 + 5))
-56
Calculate -33 + 46 - (-1 + -4 + -3 + -1 + 2).
20
Evaluate -2 + 16 + -6 - (1 - (-56 - -4) - 5).
-40
Evaluate -37 + (81 - (24 - -4)).
16
Calculate 10 + 23 + -49 - (-4 + (2 - -2)).
-16
What is the value of (-2 + -3 - (-14 + 85 + 21 + -35)) + -5?
-67
19 + -11 - (-5 + -5 + (3 - (3 - -37)))
55
What is the value of 38 - 39 - (29 + (3 - -4))?
-37
What is the value of -60 + 61 + (-7 - (0 + -6) - 34) + -1?
-35
Calculate -2 + -42 + 19 + 20 - 17 - (-6 + -2).
-14
What is 82 - (-103 - (-274 - -56))?
-33
What is the value of 32 + 40 + -150 + 65?
-13
Evaluate (136 + 6 - (2 + 3)) + (-28 - (9 - 23)).
123
Calculate -5 - (136 + -152 - (-2 - 30)) - -23.
2
Calculate -11 + 116 + (9 - (-2 - (-5 - (3 + -1)))).
109
What is 11 + -159 + 155 + (4 - 23 - -5)?
-7
Evaluate (-18 - (1 - 3)) + -2 + -623 + 624.
-17
Evaluate -1 + -3 + 16 + (-48 - 2).
-38
Evaluate 6 + (4 + -2 - -2) - (67 + (21 - 2)).
-76
-3 - (-36 + -5 + 14)
24
What is the value of -35 - (18 + -83) - (9 + -44)?
65
(-136 - -215) + (4 + -2 - (5 - 0))
76
-2 + -10 + -1 + -1 + 2952 + -2942
-4
(-24 + (49 - 33) - (2 - -15)) + -12
-37
What is the value of 56 + (42 - (132 - -61))?
-95
Evaluate -34 + (36 - 5) - (-12 + 45).
-36
-27 + 22 + -11 - (-5 - -3) - 37
-51
Calculate -3 - (26 - (33 + 15)) - (0 + -10).
29
What is -1485 + 1546 - (2 + (-2 - 13)) - (27 + -22)?
69
What is the value of 2326 - 2339 - (3 + -2 + -1 + -117)?
104
What is the value of 10 + (-6 + -6 + 1 - -24)?
23
Calculate (-12994 - -12953) + (0 - -94).
53
Evaluate 27 + -37 - ((3 - 2) + (51 - (10 + -2))).
-54
What is 18 - 10 - (109 - 126)?
25
What is the value of 4 + (-151 + 138 - (-3 + -11))?
5
What is 3 - 19 - (-7 + 5 + 13)?
-27
Evaluate 33 + ((13 - (2 + 2)) + -20 - -6) + 18.
46
What is 157 + -170 + (13 - (3 + 1)) - (0 + 17)?
-21
53 - (-28 - (-1 - 44))
36
What is the value of (6 - (-6 - (-8 - 3))) + -9 + -18?
-26
Calculate 1 + (-6 - 0) - (-93 - (125 - 127)).
86
Calculate 5601 + -5463 + (-60 - -2).
80
64 + 23 + 70 + -21 + -32
104
(5 - ((-22 - 8) + 10 + 8)) + -48
-31
What is the value of -8 - (-32 - (10 + 1